ose -o = 5*q + 39, 0*q - 3*q + o = 25. Let u = q - -12. Suppose -23 = -a + 4*d, 0 = u*a - 2*a - d - 18. What is the units digit of a?
7
Let x(n) = 24*n + 17. What is the units digit of x(5)?
7
Suppose 0 = -4*b + b + 3*j + 18, -b = 4*j + 4. Suppose 8*u - 52 = b*u. What is the units digit of u?
3
Let g = 72 - 25. What is the units digit of g?
7
Let d be 0/(-1 - 2 - -1). Suppose d = 3*s - 0*s - 42. What is the tens digit of (s*-1)/(-2) - -3?
1
Let t(l) = l**3 - l - 85. Let v be t(0). Let k = -61 - v. What is the units digit of k?
4
Let m = 4 - 2. Suppose 2*w = m - 0. Let c = w + 6. What is the units digit of c?
7
Let z(t) = 3*t**2 - t - 1. Let i be (0 - (-3)/(-5))*-5. Suppose -f + 2 = -i*f. What is the units digit of z(f)?
3
Let n(x) = -39*x. Let r = -8 + 7. What is the units digit of n(r)?
9
Suppose -l - 10 = -3*l. Let b = l - 1. What is the units digit of b?
4
Let f(a) = a**2 - 6*a - 11. Let v(i) = i**3 + i**2 + i + 8. Let q be v(0). What is the units digit of f(q)?
5
Let i(r) = 3*r - 13. Let u be i(5). Suppose 109 = 4*a + 5*d, 0 = 5*a + 6*d - u*d - 143. What is the units digit of a?
1
Suppose -z + 2*h + 201 = 0, -4*h + 14 + 6 = 0. What is the units digit of z?
1
Suppose k + 9 = 2*k. Let l be 2 + (-2 - -1) + k. Let i = l - 1. What is the units digit of i?
9
Let s(c) = -c - 3. What is the units digit of s(-10)?
7
Let h be (-2)/(-6) + (-10)/(-6). Let i = h - -7. What is the units digit of i?
9
Let r(x) = -x**2 - 4*x - 4. Let o be r(-3). What is the units digit of o + 6 + 5 + -3?
7
Let r = -12 - -15. What is the units digit of 815/20 - r/4?
0
Suppose -4 + 21 = z. Suppose 9 + 3 = 3*l, -5*l = -3*g - z. What is the units digit of g?
1
Let q(d) = d**3 + 11*d**2 - 7. What is the hundreds digit of q(-8)?
1
Suppose a = -1 - 3, 5*o + 2*a - 142 = 0. What is the tens digit of o?
3
Suppose -31 = 2*l - l. Let c = l + 45. Let v = c + -5. What is the units digit of v?
9
Suppose 24 = 2*z - 4*r, z + 48 = 5*z + 3*r. Suppose -l - 8 = -2*f - 2*f, -2*l = -4*f + z. What is the units digit of f?
1
Let q be 4/10 - 49/35. What is the tens digit of q - 4/(8/(-26))?
1
What is the tens digit of 26/(4/8*1)?
5
Let z be (-46)/5 - (-5)/25. Let r = z + 24. What is the tens digit of r?
1
Let c = 187 - 45. What is the hundreds digit of c?
1
Let j = -59 + 97. What is the tens digit of j?
3
Suppose 2*m = 3*m - 44. Suppose -3*k + m = k. What is the tens digit of k?
1
Suppose -2*h - 4 = u - 3, 3*u = -h - 8. Let o = 1 + h. Let p = 0 + o. What is the units digit of p?
2
Suppose -5*g + 1 = -4. Suppose -l - g = -2. What is the units digit of l?
1
Suppose -361 + 5 = -n. What is the tens digit of n?
5
Let f(o) = -4*o - 8. Let a(x) = 9*x + 16. Let z(r) = 2*a(r) + 5*f(r). What is the units digit of z(-7)?
6
Suppose -i - 24 = -2*i. What is the tens digit of i?
2
What is the units digit of 146/6 + (-1)/3?
4
Let w(t) = 4*t**3 + 2 - 3*t**2 - 28*t - 6*t**3 + 32*t. What is the tens digit of w(-3)?
1
Let r(u) = 2*u - 6. Let t be (-1 - -2) + 4 + 2. What is the units digit of r(t)?
8
Let v(w) = w + 8. Let t be v(-10). Let l be 186/15 + t/5. Let o = l - -2. What is the tens digit of o?
1
Let p = 39 - 5. What is the tens digit of p?
3
Let l = 122 + -49. What is the units digit of l?
3
Suppose 0 = k - a - 40, 55 = k - 0*a - 4*a. What is the units digit of k?
5
Let r(o) = -o - 1. Let s(n) = n**3 - 2*n - 1. Let k(l) = r(l) - s(l). Let a be k(-2). Suppose -a = -t + 3*u + 1, -4*u = 4. What is the units digit of t?
4
Let j = 9 + -14. Let o = j + 8. Let s = o - -9. What is the units digit of s?
2
Suppose -12*c + 271 - 7 = 0. What is the units digit of c?
2
Let w(x) = x**3 + 12*x**2 + 14. Let l be w(-12). Let r = l + 2. What is the tens digit of r?
1
Let l(i) = -i**2 + 8*i - 2. What is the units digit of l(5)?
3
Suppose 5*p + 432 = 3*j, j - 4*p + 161 = 2*j. What is the hundreds digit of j?
1
Suppose -3114 = 4*x - 13*x. What is the hundreds digit of x?
3
Suppose -4*d + 5 = -23. Suppose 3*m - 161 = -4*o, -3*o - 125 + 29 = -2*m. Suppose 0 = -4*l - d + m. What is the tens digit of l?
1
Suppose -5*z = -4*l + 5, -z - 2*z - 3 = -l. Suppose 2*c + c = l. Suppose c = -5*j + 16 - 6. What is the units digit of j?
2
Let t be (-1)/2*0/1. Suppose -2*l = 5*s + 52, s + 2*l = -t*l - 4. Let n = s + 19. What is the units digit of n?
7
Let g(u) = u + 14. Let m be g(-11). Suppose 0*z - 12 = -m*z. What is the units digit of z?
4
Let y = -659 + 944. What is the units digit of y?
5
Let z be 2*46 - (-4)/(-4). Suppose -14 - z = -5*a. What is the tens digit of a?
2
Let a(n) = -4*n**3 - n**2 - 3*n - 2. What is the tens digit of a(-2)?
3
Suppose -2*i + 0*i + 6 = 0. Suppose 0 = -i*k + 4*t + 144, 3*t + 112 - 323 = -5*k. What is the units digit of k?
4
Suppose 4*g - 48 = 100. What is the units digit of g?
7
Suppose 0 = 4*w - 8. Suppose 16 = y + w. What is the units digit of y/(-2*(-2)/4)?
4
Suppose 0 = n + 3*n - 76. What is the units digit of n?
9
Let n = 16 + -14. Let z(s) = 6*s. What is the tens digit of z(n)?
1
Let f(s) = -s**2 + 6*s - 4. Let b be f(4). Suppose 3*r + 2*l + l - 6 = 0, -r = -2*l + b. What is the units digit of (r + -3)/(6/(-16))?
8
Suppose -4*a - 290 = -5*t + 186, 3*t - 2*a - 286 = 0. What is the tens digit of t?
9
Let a(f) be the third derivative of -2*f**4/3 - 3*f**2. Let l be a(-1). Suppose 0*s - 2*s + l = 0. What is the units digit of s?
8
Suppose 3*c - 11 = -101. Let i = 54 + c. What is the units digit of 164/i - 1/(-6)?
7
Suppose -4*l = 2*i + 6, 3*l - 4*i + 32 = -0*l. Let s(y) = y**3 + 2*y**2 - 6*y - 2. Let x be s(l). Let r = x + 16. What is the units digit of r?
6
Suppose 0 = -4*k + 4*z + 88, -2*k - 1 + 35 = 3*z. What is the tens digit of k?
2
Let m(u) = 3*u**2 + 3*u + 11. What is the tens digit of m(-3)?
2
Let j(b) = -b + 4. Suppose 3*x - 10 = -25. Let y = -10 - x. What is the units digit of j(y)?
9
Let u = 201 - 57. What is the tens digit of u?
4
Suppose -3*i - 5 = 4. Let k be 26/4*(i - -1). Let b = 21 + k. What is the units digit of b?
8
Let z(u) = -5 + 0*u - 2*u - 4 + 5*u**3 + 9*u**2 - 7*u**2. Let f(a) = -4*a**3 - a**2 + 2*a + 8. Let j(s) = -4*f(s) - 3*z(s). What is the units digit of j(4)?
9
Suppose -10*q = -14*q + 80. What is the tens digit of q?
2
Suppose 0 = 5*v - 2*o - 416, -6 = -6*o + 3*o. Suppose 0 = -0*i + 2*i - v. Suppose f + i = 3*f. What is the tens digit of f?
2
What is the units digit of (1/1 + 1)/((-20)/(-410))?
1
Let c(j) = 20*j - 4. Let u be c(5). What is the units digit of ((-5)/10)/((-2)/u)?
4
Let k = 57 + -36. Suppose k = 3*n - 0*d - 2*d, 0 = -4*n - d + 39. Suppose 3*f = -n + 21. What is the units digit of f?
4
Suppose 0 = -a - 2*m + 1, 2*a - 3*m = -6*m + 3. Suppose -t + 2*t = a. What is the units digit of t?
3
Let p = -21 - -13. Let g(r) = r**2 + 5*r - 11. What is the units digit of g(p)?
3
Suppose 0 = -4*g - 3*u + 23, -2*g + 5*u = 3*g - 20. Let y be (3 - (g + 0))*-24. Suppose -3 = 5*d - y. What is the units digit of d?
9
Let n(i) = 2*i**2 - 4*i - 10. Let s(q) = -q**2 - q + 1. Let o(d) = n(d) + s(d). What is the units digit of o(7)?
5
Suppose 2*w + p + 4 = 0, 4 - 16 = 4*w + 3*p. Suppose -14 = -3*i + 1. Suppose w*n - 10 = -i*n. What is the units digit of n?
2
Let h(p) = -p**3 + 8*p**2 + 3*p - 4. What is the units digit of h(8)?
0
Let z(n) = -n - 4. Let s be z(-4). Suppose 0 = -s*q + q - 7. What is the units digit of q?
7
Suppose -5*t - 6 = 9. Let c = t + 5. Suppose -30 + 12 = -c*p. What is the units digit of p?
9
Suppose -3*p + 6*k = 4*k + 52, 2*k + 32 = -3*p. Let z = p - -30. What is the units digit of z?
6
Let b(c) = -c + 8. Let s be b(7). What is the units digit of s/2*(52 - 2)?
5
Suppose l + 4 = 17. What is the tens digit of l?
1
Let x be (0 - 0)/(-1 - -3). Suppose -1 = v, -3*l + 0*l + 4*v + 10 = x. What is the units digit of l?
2
Let r = 12 + -7. Suppose -r*c = -184 + 49. What is the units digit of c?
7
Let v = 5 - 5. Suppose 2*f = 2*o - 108, -2*o + v*f + f = -110. Suppose 4*r - 3*p = -8*p + o, -3*p + 21 = r. What is the units digit of r?
9
Let g be (-18)/4*(-40)/15. What is the tens digit of 176/g*(0 + 3)?
4
Let r(a) be the first derivative of -a**4/4 + 2*a**3 - 7*a + 1. Let d be r(5). Suppose d = 5*o - 7. What is the units digit of o?
5
Let q(v) = v - 4. Let u be q(5). Let w be u/(0 + 3/117). Suppose 3*m - w = b - 2, m = 3*b + 23. What is the units digit of m?
1
Let l(j) be the first 